/1 + 68/8)*w is divided by 5?
4
Let b(i) = -3*i - 56. Let f = 30 - 52. Calculate the remainder when b(f) is divided by 6.
4
Let c(x) = 49*x - 44. Calculate the remainder when 41 is divided by c(1).
1
Suppose -k + 57 + 55 = 0. What is the remainder when 670 is divided by k?
110
Let y(a) = -100*a - 87. Suppose -b - 3*b + 112 = 0. Suppose b = 2*v + 2*v. What is the remainder when y(-1) is divided by v?
6
What is the remainder when 192 is divided by ((-1)/(-7))/(44/7700)?
17
Let o(q) = -q**3 - 16*q**2 - 44*q - 48. What is the remainder when 507 is divided by o(-13)?
14
Let r = -193 + 235. What is the remainder when 81 is divided by r?
39
Suppose -5*a = -2*w, w = -a - 3*a + 13. Calculate the remainder when 9 is divided by w.
4
Calculate the remainder when 1536 is divided by 120/160 - 642/(-8).
78
Suppose m = 83 - 188. Let f = m + 124. Calculate the remainder when 112 is divided by f.
17
Suppose -4*d + 71 + 13 = 5*h, -20 = -h - 4*d. What is the remainder when 95 is divided by h?
15
Let r(p) = p**2 - 4*p + 1. Let d be r(4). Let y = 7 + d. What is the remainder when y is divided by 2?
0
Let g = -1360 + 1367. What is the remainder when 297 is divided by g?
3
Let w = 336 + -226. What is the remainder when w is divided by 28?
26
Let x = -35 + 39. Suppose 0 = -x*n - n + 5*w + 20, 2 = 2*n + w. Calculate the remainder when 15 is divided by n.
1
Let y be ((-40)/(-32))/(2/8). Suppose 3*w + 93 = 5*u, w + y*u = 5*w + 119. Let n = w + 33. Calculate the remainder when 11 is divided by n.
4
Suppose 0 = -16*t + 13*t + 21. Suppose 2*o - t*o = 5, 0 = -2*n - o + 1187. What is the remainder when n/55 + (-8)/10 is divided by 6?
4
Suppose a - 6 = -4. Let g be a - (-5)/(-3)*-3. Suppose 12*k - g*k = 270. What is the remainder when k is divided by 19?
16
Let k(l) = 4*l**2 - 22. What is the remainder when k(5) is divided by 23?
9
Suppose 0 = -3*n + n. Suppose -s + 3 + 10 = n. Calculate the remainder when 51 - 1/((-2)/(-4)) is divided by s.
10
Let s = 36 - 33. Suppose i = -3*w + s*i + 31, -12 = -w + i. What is the remainder when 48 is divided by w?
6
Let x = 34 + -32. Suppose 2*f + x*h = 4*f - 34, -52 = -4*f - 4*h. What is the remainder when 58 is divided by f?
13
Suppose -14*i - 4*i = -36. Suppose -i*y + 5 = -3. Calculate the remainder when y is divided by 4.
0
Let w(u) = 2*u**2 + 8*u - 29. What is the remainder when 63 is divided by w(3)?
11
Suppose 2*a - 168 = -3*k, -3*a = -2*k - 248 + 22. What is the remainder when 33 is divided by (a/(-12) + -3)*-2?
14
Let k(u) = -2*u**2 - 16*u + 181. Suppose -5*o - c = -0*c - 31, -5*o + 47 = -3*c. Calculate the remainder when k(6) is divided by o.
6
Let y(j) = -3*j - 16. Suppose 0*k + 28 = -4*k. Let c be y(k). Calculate the remainder when 27 is divided by 51/5 + (-1)/c.
7
Let x be 1 - (-3 - 8/(2/(-1))). Suppose x*j = -10*j + 110. What is the remainder when 52 is divided by j?
8
Let w(a) = a**2 - 7*a + 1. Let v be w(7). Suppose 5 = i + v. Suppose -3*n - n = 12, i*o - 4*n - 24 = 0. What is the remainder when o is divided by 2?
1
Suppose 0 = 74*k - 126*k + 884. Suppose -4*r = -2*r + 5*i - 20, 4*r - i = 18. What is the remainder when k is divided by r?
2
Let f(z) = -26*z - 62. Calculate the remainder when f(-5) is divided by 18.
14
Suppose 4*f = b + 644, -10*b + 5*b - 180 = -f. Calculate the remainder when f is divided by 23.
22
Suppose 7363 = 78*y - 7067. Calculate the remainder when y is divided by 18.
5
Let w(l) = 40*l + 287. Calculate the remainder when 135 is divided by w(-4).
8
Suppose -3*g = -16*g + 936. Suppose -2*b + 5*b - 45 = 0. What is the remainder when g is divided by b?
12
Let r = 4 - 0. Let o(x) be the first derivative of -5*x**2/2 + 8. Calculate the remainder when o(-3) is divided by r.
3
Suppose 8 = 4*j + 4*n, -3*j + 8*j = 5*n + 30. Suppose j*r + 2*z = r + 186, r - 3*z = 62. What is the remainder when 81 is divided by r/3 - 6/(-18)?
18
Let z(x) = -11*x**2 - 1. Let i be z(-1). Let c be 6/i*1*-10. Suppose c*k + 0*k - 70 = 0. What is the remainder when 26 is divided by k?
12
Let w(r) be the third derivative of -r**5/60 - r**4/6 + r**3/6 + 4*r**2. Let a(d) = -d**2 - 4*d + 2. Calculate the remainder when w(-3) is divided by a(-4).
0
Let w(b) = 55*b**3 + 2*b**2 - 1. Let n be w(-1). Let c = n + 56. Let q = 1 + 2. Calculate the remainder when q is divided by c.
1
Suppose 2946 - 666 = 19*y. Calculate the remainder when y is divided by 42.
36
Let k be ((-315)/54)/7*12/(-2). What is the remainder when 141 is divided by (12/(-6) + k)/(1/4)?
9
Let g(n) = -2*n**2 - 41*n + 53. What is the remainder when 128 is divided by g(-21)?
0
Let a be 12/(4 + -8) - -1. Calculate the remainder when 91 is divided by (-39)/a - (-18)/36.
11
Let t = 2 - 0. Calculate the remainder when t is divided by 1/((-1)/4) - -6.
0
Let d be -6 + (-15)/(-5) - -5*1. Suppose 72 = v - x + 4*x, -v + d*x + 87 = 0. What is the remainder when v is divided by 21?
18
Suppose -5*r - y + 16 + 4 = 0, 3*r + 3*y - 12 = 0. Calculate the remainder when 14 is divided by r.
2
Let s = 906 + -883. What is the remainder when 177 is divided by s?
16
Let b = -2658 + 2799. What is the remainder when b is divided by 48?
45
Let i be (-56)/42 + 8/6. Suppose i = -7*f + 143 + 116. What is the remainder when f is divided by 10?
7
Suppose 53*b + 128 = 61*b. Calculate the remainder when 237 is divided by b.
13
Suppose -10*d = 4*d - 56952. Calculate the remainder when 165 is divided by 2/(-4) + d/72.
53
Suppose 0 = -q - u + 3 - 0, 2*u = -4*q + 16. Let m(v) = -5*v - 1. Let y be m(-4). Let g = y + -6. What is the remainder when g is divided by q?
3
Suppose 512 = 5*h - 103. Suppose 78*u - 75*u - h = 0. What is the remainder when u is divided by 23?
18
Suppose 5*m = -2*h + 19, 0 = 2*m - 4*m + 4*h + 22. Suppose -m*t = -226 + 86. Calculate the remainder when 109 is divided by t.
25
Suppose 13369 = 30*t + 1639. What is the remainder when t is divided by 14?
13
Suppose 30*b = 22*b + 152. What is the remainder when b is divided by 10?
9
Suppose -18 = -2*z + 6. What is the remainder when z/30 + (-133)/(-5) is divided by 15?
12
Suppose 5*g + 4 = 3*t + 16, -2*g + 9 = 3*t. Suppose g*m + 2 = -1, 5*m = -5*j + 430. Calculate the remainder when j is divided by 18.
15
Suppose -5*m = 4*v - 6, -m + 5*v - v + 6 = 0. Suppose 5*s + 36 = m*s. Let x = s + 19. Calculate the remainder when 13 is divided by x.
6
Suppose -131*o + 747 = -128*o. Calculate the remainder when o is divided by 36.
33
Let x = -69 - -89. Let r(y) = 2*y**2 - 1. Calculate the remainder when x is divided by r(-2).
6
Suppose 5*i = -i. Suppose -3*x = -i + 3, b - 2*x = 7. Suppose 3 - 11 = -3*m - 2*l, 0 = -b*m - 3*l + 15. Calculate the remainder when 15 is divided by m.
3
Suppose -95 = 6*x - 221. Calculate the remainder when 78 is divided by x.
15
Let a(i) = 4*i + 106. What is the remainder when 204 is divided by a(-16)?
36
Let k = 48 + -29. Let s(n) = -n**3 - n**2 - 33. Let w be s(0). Let c = -29 - w. Calculate the remainder when k is divided by c.
3
Let s(z) = -10*z - 2. Let g be s(1). Let r be ((-10)/(-6))/(3/(-36)). What is the remainder when ((-245)/r)/((-3)/g) is divided by 25?
24
Let x = 6 - -1. Let c = x + -5. Suppose -5*o = -w - c*w - 77, 2*w = o - 21. What is the remainder when o is divided by 7?
6
Suppose 0 = -3*o - 2*t + 6, 0 = -2*t + 3*t. Suppose -68 - 36 = -o*r. What is the remainder when r is divided by 11?
8
Let r(i) = -i**3 - 15*i**2 - 15*i - 11. Let y be r(-14). Suppose n - 7 = -y. Calculate the remainder when 6 is divided by n.
2
Let m be -4 + 8 + 0 - -2. Suppose -3*i + 8*i - 15 = 0. Suppose i*q - m*q + 24 = 0. What is the remainder when q is divided by 4?
0
Let q = -439 + 461. What is the remainder when 130 is divided by q?
20
Let w = -21 + 18. Calculate the remainder when 16 is divided by (w + (-29)/(-5))/((-2)/(-5)).
2
Suppose 38*b - 37628 = -54*b. Calculate the remainder when b is divided by 10.
9
Let f = 635 + -561. Calculate the remainder when f is divided by 48.
26
Calculate the remainder when 14/(256/42 + 6/(-1)) is divided by 62.
23
Let h(r) = r**2. Suppose 0*n + 2*n = 6. What is the remainder when 32 is divided by h(n)?
5
Let f = -34 + 65. Suppose -6*c = -2*c. Suppose -4*p + 9*p - 40 = c. Calculate the remainder when f is divided by p.
7
Suppose 61*n - 6*n - 20350 = 0. What is the remainder when n is divided by 99?
73
Suppose 